{"id":1002,"date":"2023-05-29T21:15:10","date_gmt":"2023-05-29T19:15:10","guid":{"rendered":"https:\/\/signum.pb.edu.pl\/usmiech\/?page_id=1002"},"modified":"2024-06-11T23:49:28","modified_gmt":"2024-06-11T21:49:28","slug":"nagrodzone-prace-2023","status":"publish","type":"page","link":"https:\/\/signum.pb.edu.pl\/usmiech\/?page_id=1002","title":{"rendered":"Nagrodzone prace 2023"},"content":{"rendered":"<h2 style=\"text-align: center;\"><strong>Szko\u0142a podstawowa (klasy 6-8)<\/strong><\/h2>\n<hr>\n<hr>\n<h6 style=\"text-align: left;\"><strong>I miejsce<\/strong><\/h6>\n<div id=\"attachment_943\" style=\"width: 235px\" class=\"wp-caption aligncenter\"><a href=\"https:\/\/signum.pb.edu.pl\/usmiech\/wp-content\/uploads\/2023\/05\/P002.jpg\"><img loading=\"lazy\" decoding=\"async\" aria-describedby=\"caption-attachment-943\" src=\"https:\/\/signum.pb.edu.pl\/usmiech\/wp-content\/uploads\/2023\/05\/P002-225x300.jpg\" alt=\"&quot;Matematyczna dieta&quot; Hubert Podkowa-G\u00f3rski, Szko\u0142a Podstawowa im. Jana Kochanowskiego w Piekoszowie\" class=\"wp-image-943 size-medium\" width=\"225\" height=\"300\" srcset=\"https:\/\/signum.pb.edu.pl\/usmiech\/wp-content\/uploads\/2023\/05\/P002-225x300.jpg 225w, https:\/\/signum.pb.edu.pl\/usmiech\/wp-content\/uploads\/2023\/05\/P002.jpg 600w\" sizes=\"auto, (max-width: 225px) 100vw, 225px\" \/><\/a><p id=\"caption-attachment-943\" class=\"wp-caption-text\">&#8222;Matematyczna dieta&#8221; Hubert Podkowa-G\u00f3rski, Szko\u0142a Podstawowa im. Jana Kochanowskiego w Piekoszowie<\/p><\/div>\n<hr>\n<h6>II miejsce<\/h6>\n<div id=\"attachment_942\" style=\"width: 310px\" class=\"wp-caption aligncenter\"><a href=\"https:\/\/signum.pb.edu.pl\/usmiech\/wp-content\/uploads\/2023\/05\/P001.jpg\"><img loading=\"lazy\" decoding=\"async\" aria-describedby=\"caption-attachment-942\" src=\"https:\/\/signum.pb.edu.pl\/usmiech\/wp-content\/uploads\/2023\/05\/P001-300x225.jpg\" alt=\"&quot;Inny punkt widzenia&quot; Nikola \u0141osi\u0144ska, Zesp\u00f3\u0142 Szk\u00f3\u0142 w Dobrzejewicach\" class=\"wp-image-942 size-medium\" width=\"300\" height=\"225\" srcset=\"https:\/\/signum.pb.edu.pl\/usmiech\/wp-content\/uploads\/2023\/05\/P001-300x225.jpg 300w, https:\/\/signum.pb.edu.pl\/usmiech\/wp-content\/uploads\/2023\/05\/P001-768x575.jpg 768w, https:\/\/signum.pb.edu.pl\/usmiech\/wp-content\/uploads\/2023\/05\/P001.jpg 800w\" sizes=\"auto, (max-width: 300px) 100vw, 300px\" \/><\/a><p id=\"caption-attachment-942\" class=\"wp-caption-text\">&#8222;Inny punkt widzenia&#8221; Nikola \u0141osi\u0144ska, Zesp\u00f3\u0142 Szk\u00f3\u0142 w Dobrzejewicach<\/p><\/div>\n<hr>\n<h6>III miejsce<\/h6>\n<div id=\"attachment_952\" style=\"width: 310px\" class=\"wp-caption aligncenter\"><a href=\"https:\/\/signum.pb.edu.pl\/usmiech\/wp-content\/uploads\/2023\/05\/P011.jpg\"><img loading=\"lazy\" decoding=\"async\" aria-describedby=\"caption-attachment-952\" src=\"https:\/\/signum.pb.edu.pl\/usmiech\/wp-content\/uploads\/2023\/05\/P011-300x225.jpg\" alt=\"&quot;Ulubione danie matematyka&quot; Karolina Wies\u0142awska, Szko\u0142a Podstawowa im. Stefana Kardyna\u0142a Wyszy\u0144skiego w Korycinie\" class=\"wp-image-952 size-medium\" width=\"300\" height=\"225\" srcset=\"https:\/\/signum.pb.edu.pl\/usmiech\/wp-content\/uploads\/2023\/05\/P011-300x225.jpg 300w, https:\/\/signum.pb.edu.pl\/usmiech\/wp-content\/uploads\/2023\/05\/P011-768x576.jpg 768w, https:\/\/signum.pb.edu.pl\/usmiech\/wp-content\/uploads\/2023\/05\/P011.jpg 800w\" sizes=\"auto, (max-width: 300px) 100vw, 300px\" \/><\/a><p id=\"caption-attachment-952\" class=\"wp-caption-text\">&#8222;Ulubione danie matematyka&#8221; Karolina Wies\u0142awska, Szko\u0142a Podstawowa im. Stefana Kardyna\u0142a Wyszy\u0144skiego w Korycinie<\/p><\/div>\n<hr>\n<hr>\n<h2 style=\"text-align: center;\"><strong>Szko\u0142a \u015brednia<\/strong><\/h2>\n<hr>\n<hr>\n<h6><strong>I miejsce<\/strong><\/h6>\n<div id=\"attachment_981\" style=\"width: 222px\" class=\"wp-caption aligncenter\"><a href=\"https:\/\/signum.pb.edu.pl\/usmiech\/wp-content\/uploads\/2023\/05\/S017.jpg\"><img loading=\"lazy\" decoding=\"async\" aria-describedby=\"caption-attachment-981\" src=\"https:\/\/signum.pb.edu.pl\/usmiech\/wp-content\/uploads\/2023\/05\/S017-212x300.jpg\" alt=\"&quot;Funkcja kwadratowa&quot; Julia Sianko, Akademickie Liceum Og\u00f3lnokszta\u0142c\u0105ce PB w Bia\u0142ymstoku\" class=\"wp-image-981 size-medium\" width=\"212\" height=\"300\" srcset=\"https:\/\/signum.pb.edu.pl\/usmiech\/wp-content\/uploads\/2023\/05\/S017-212x300.jpg 212w, https:\/\/signum.pb.edu.pl\/usmiech\/wp-content\/uploads\/2023\/05\/S017.jpg 565w\" sizes=\"auto, (max-width: 212px) 100vw, 212px\" \/><\/a><p id=\"caption-attachment-981\" class=\"wp-caption-text\">&#8222;Funkcja kwadratowa&#8221; Julia Sianko, Akademickie Liceum Og\u00f3lnokszta\u0142c\u0105ce PB w Bia\u0142ymstoku<\/p><\/div>\n<hr>\n<h6><strong>II miejsce<\/strong><\/h6>\n<div id=\"attachment_978\" style=\"width: 310px\" class=\"wp-caption aligncenter\"><a href=\"https:\/\/signum.pb.edu.pl\/usmiech\/wp-content\/uploads\/2023\/05\/S014.jpg\"><img loading=\"lazy\" decoding=\"async\" aria-describedby=\"caption-attachment-978\" src=\"https:\/\/signum.pb.edu.pl\/usmiech\/wp-content\/uploads\/2023\/05\/S014-300x212.jpg\" alt=\"&quot;Rybak Matematyk&quot; \u0141ukasz Buzun, Zesp\u00f3\u0142 Szk\u00f3\u0142 Elektrycznych im. prof. Janusza Groszkowskiego w Bia\u0142ymstoku\" class=\"wp-image-978 size-medium\" width=\"300\" height=\"212\" srcset=\"https:\/\/signum.pb.edu.pl\/usmiech\/wp-content\/uploads\/2023\/05\/S014-300x212.jpg 300w, https:\/\/signum.pb.edu.pl\/usmiech\/wp-content\/uploads\/2023\/05\/S014-768x542.jpg 768w, https:\/\/signum.pb.edu.pl\/usmiech\/wp-content\/uploads\/2023\/05\/S014.jpg 800w\" sizes=\"auto, (max-width: 300px) 100vw, 300px\" \/><\/a><p id=\"caption-attachment-978\" class=\"wp-caption-text\">&#8222;Rybak Matematyk&#8221; \u0141ukasz Buzun, Zesp\u00f3\u0142 Szk\u00f3\u0142 Elektrycznych im. prof. Janusza Groszkowskiego w Bia\u0142ymstoku<\/p><\/div>\n<hr>\n<h6><strong>III miejsce<\/strong><\/h6>\n<div id=\"attachment_973\" style=\"width: 231px\" class=\"wp-caption aligncenter\"><a href=\"https:\/\/signum.pb.edu.pl\/usmiech\/wp-content\/uploads\/2023\/05\/S009.jpg\"><img loading=\"lazy\" decoding=\"async\" aria-describedby=\"caption-attachment-973\" src=\"https:\/\/signum.pb.edu.pl\/usmiech\/wp-content\/uploads\/2023\/05\/S009-221x300.jpg\" alt=\"&quot;Wracaj\u0105ca gwiazda&quot; Hanna Rydzewska, Zesp\u00f3\u0142 Szk\u00f3\u0142 Informatycznych w S\u0142upsku\" class=\"wp-image-973 size-medium\" width=\"221\" height=\"300\" srcset=\"https:\/\/signum.pb.edu.pl\/usmiech\/wp-content\/uploads\/2023\/05\/S009-221x300.jpg 221w, https:\/\/signum.pb.edu.pl\/usmiech\/wp-content\/uploads\/2023\/05\/S009.jpg 441w\" sizes=\"auto, (max-width: 221px) 100vw, 221px\" \/><\/a><p id=\"caption-attachment-973\" class=\"wp-caption-text\">&#8222;Wracaj\u0105ca gwiazda&#8221; Hanna Rydzewska, Zesp\u00f3\u0142 Szk\u00f3\u0142 Informatycznych w S\u0142upsku<\/p><\/div>\n<hr>\n\n\n<p><\/p>\n\n\n<hr \/><hr \/>\n<p><\/p>\n\n\n<figure class=\"wp-block-image size-large\"><img loading=\"lazy\" decoding=\"async\" width=\"1024\" height=\"145\" src=\"https:\/\/signum.pb.edu.pl\/usmiech\/wp-content\/uploads\/2023\/06\/BS-logo-1024x145.jpg\" alt=\"\" class=\"wp-image-1041\" srcset=\"https:\/\/signum.pb.edu.pl\/usmiech\/wp-content\/uploads\/2023\/06\/BS-logo-1024x145.jpg 1024w, https:\/\/signum.pb.edu.pl\/usmiech\/wp-content\/uploads\/2023\/06\/BS-logo-300x43.jpg 300w, https:\/\/signum.pb.edu.pl\/usmiech\/wp-content\/uploads\/2023\/06\/BS-logo-768x109.jpg 768w, https:\/\/signum.pb.edu.pl\/usmiech\/wp-content\/uploads\/2023\/06\/BS-logo-1536x218.jpg 1536w, https:\/\/signum.pb.edu.pl\/usmiech\/wp-content\/uploads\/2023\/06\/BS-logo-2048x291.jpg 2048w\" sizes=\"auto, (max-width: 1024px) 100vw, 1024px\" \/><\/figure>\n\n\n<hr \/><hr \/>\n<p><\/p>","protected":false},"excerpt":{"rendered":"<p>Szko\u0142a podstawowa (klasy 6-8) I miejsce II miejsce III miejsce Szko\u0142a \u015brednia I miejsce II miejsce III miejsce<\/p>\n","protected":false},"author":1,"featured_media":0,"parent":0,"menu_order":0,"comment_status":"closed","ping_status":"closed","template":"","meta":{"footnotes":""},"class_list":["post-1002","page","type-page","status-publish","hentry"],"_links":{"self":[{"href":"https:\/\/signum.pb.edu.pl\/usmiech\/index.php?rest_route=\/wp\/v2\/pages\/1002","targetHints":{"allow":["GET"]}}],"collection":[{"href":"https:\/\/signum.pb.edu.pl\/usmiech\/index.php?rest_route=\/wp\/v2\/pages"}],"about":[{"href":"https:\/\/signum.pb.edu.pl\/usmiech\/index.php?rest_route=\/wp\/v2\/types\/page"}],"author":[{"embeddable":true,"href":"https:\/\/signum.pb.edu.pl\/usmiech\/index.php?rest_route=\/wp\/v2\/users\/1"}],"replies":[{"embeddable":true,"href":"https:\/\/signum.pb.edu.pl\/usmiech\/index.php?rest_route=%2Fwp%2Fv2%2Fcomments&post=1002"}],"version-history":[{"count":19,"href":"https:\/\/signum.pb.edu.pl\/usmiech\/index.php?rest_route=\/wp\/v2\/pages\/1002\/revisions"}],"predecessor-version":[{"id":1139,"href":"https:\/\/signum.pb.edu.pl\/usmiech\/index.php?rest_route=\/wp\/v2\/pages\/1002\/revisions\/1139"}],"wp:attachment":[{"href":"https:\/\/signum.pb.edu.pl\/usmiech\/index.php?rest_route=%2Fwp%2Fv2%2Fmedia&parent=1002"}],"curies":[{"name":"wp","href":"https:\/\/api.w.org\/{rel}","templated":true}]}}