{"id":38,"date":"2015-12-09T10:36:10","date_gmt":"2015-12-09T09:36:10","guid":{"rendered":"https:\/\/signum.pb.edu.pl\/konkurs\/?page_id=38"},"modified":"2026-02-10T14:51:18","modified_gmt":"2026-02-10T13:51:18","slug":"instrukcja","status":"publish","type":"page","link":"https:\/\/signum.pb.edu.pl\/konkurs\/?page_id=38","title":{"rendered":"Instrukcja"},"content":{"rendered":"<h4 style=\"text-align: right;\"><a title=\"Szczeg\u00f3\u0142owa instrukcja (PDF, wersja dost\u0119pna cyfrowo, 138KB)\" href=\"https:\/\/signum.pb.edu.pl\/konkurs\/wp-content\/uploads\/2026\/02\/Szczegolowa_instrukcja_Matematyka_stosowana_2025-2026.pdf\"><img loading=\"lazy\" decoding=\"async\" class=\"alignnone size-full wp-image-71\" src=\"http:\/\/signum.pb.edu.pl\/konkurs\/wp-content\/uploads\/2016\/11\/ico_pdf.png\" alt=\"Szczeg\u00f3\u0142owa instrukcja (PDF, wersja dost\u0119pna cyfrowo, 139KB)\" width=\"64\" height=\"64\"><\/a><\/h4>\n<h3 align=\"center\">&nbsp;<\/h3>\n<div style=\"font-size: medium;\">\n<h4 class=\"western\" align=\"center\"><span style=\"color: #404040;\"><span style=\"font-family: Helvetica, sans-serif;\"><span style=\"font-size: xx-large;\">Szczeg\u00f3\u0142owa instrukcja konkursu<\/span><\/span><\/span><\/h4>\n<h3 class=\"western\" align=\"center\"><span style=\"color: #3366ff;\">\u201e<span style=\"font-family: Helvetica, sans-serif;\"><span style=\"font-size: large;\">MATEMATYKA STOSOWANA\u201d<\/span><\/span><\/span><\/h3>\n<p align=\"center\"><span style=\"font-family: Times New Roman, serif;\"><span style=\"font-size: medium;\"><span style=\"color: #404040;\"><span style=\"font-family: Helvetica, sans-serif;\"><span style=\"font-size: small;\">Prosimy zapozna\u0107 si\u0119 z poni\u017csz\u0105 szczeg\u00f3\u0142ow\u0105 instrukcj\u0105 dotycz\u0105c\u0105 konkursu.<br \/>\n<\/span><\/span><\/span><\/span><\/span><\/p>\n<p align=\"center\"><span style=\"font-family: Times New Roman, serif;\"><span style=\"font-size: medium;\"><span style=\"color: #404040;\"><span style=\"font-family: Helvetica, sans-serif;\"><span style=\"font-size: small;\">W przypadku pyta\u0144 prosimy o kontakt mailowy<br \/>\n<\/span><\/span><\/span><\/span><\/span><span style=\"font-family: Times New Roman, serif;\"><span style=\"font-size: medium;\"><span style=\"color: #404040;\"><span style=\"font-family: Helvetica, sans-serif;\"><span style=\"font-size: small;\">(podaj\u0105c w temacie \u201eKonkurs \u2013 Matematyka stosowana\u201d).<\/span><\/span><\/span><\/span><\/span><\/p>\n<ol>\n<li><span style=\"color: #404040;\"><span style=\"font-family: Helvetica, sans-serif;\"><span style=\"font-size: small;\">Rejestracja<\/span><\/span><\/span>\n<ol>\n<li><span style=\"color: #404040;\"><span style=\"font-family: Helvetica, sans-serif;\"><span style=\"font-size: small;\">Data ko\u0144ca rejestracji \u2013 22.02.2026 r. godz. 23.59.<\/span><\/span><\/span><\/li>\n<li><span style=\"color: #404040;\"><span style=\"font-family: Helvetica, sans-serif;\"><span style=\"font-size: small;\">Rejestrowa\u0107 si\u0119 mog\u0105 wy\u0142\u0105cznie dru\u017cyny dwuosobowe.<\/span><\/span><\/span><\/li>\n<li><span style=\"color: #404040;\"><span style=\"font-family: Helvetica, sans-serif;\"><span style=\"font-size: small;\">Rejestracja polega na wype\u0142nieniu, podpisaniu i odes\u0142aniu o\u015bwiadczenia wygenerowanego na podstawie formularza zg\u0142oszeniowego, zgodnie z informacjami podanymi w mailach (ka\u017cda osoba z dru\u017cyny podpisuje swoje osobne o\u015bwiadczenie).<\/span><\/span><\/span><\/li>\n<\/ol>\n<\/li>\n<li><span style=\"color: #404040;\"><span style=\"font-family: Helvetica, sans-serif;\"><span style=\"font-size: small;\">Etap I Konkursu<\/span><\/span><\/span>\n<ol>\n<li><span style=\"color: #404040;\"><span style=\"font-family: Helvetica, sans-serif;\"><span style=\"font-size: small;\">Do etapu I dopuszczone zostan\u0105 wy\u0142\u0105cznie dwuosobowe dru\u017cyny, kt\u00f3re dokonaj\u0105 rejestracji w terminie do 22.02.2026 r.<\/span><\/span><\/span><\/li>\n<li><span style=\"color: #404040;\"><span style=\"font-family: Helvetica, sans-serif;\"><span style=\"font-size: small;\">Etap I polega na rozwi\u0105zaniu quizu (indywidualnie przez ka\u017cdego uczestnika).<\/span><\/span><\/span><\/li>\n<li><span style=\"color: #404040;\"><span style=\"font-family: Helvetica, sans-serif;\"><span style=\"font-size: small;\">Quiz b\u0119dzie dost\u0119pny w dniach 02-06.03.2026 r.<\/span><\/span><\/span><\/li>\n<li><span style=\"color: #404040;\"><span style=\"font-family: Helvetica, sans-serif;\"><span style=\"font-size: small;\">Quiz b\u0119dzie obejmowa\u0142 wcze\u015bniej okre\u015blony zakres zagadnie\u0144.<\/span><\/span><\/span><\/li>\n<li><span style=\"color: #404040;\"><span style=\"font-family: Helvetica, sans-serif;\"><span style=\"font-size: small;\">Ka\u017cdy z uczestnik\u00f3w musi zaliczy\u0107 quiz indywidualnie. W przypadku niezaliczenia quizu przez jednego z cz\u0142onk\u00f3w, ca\u0142a dru\u017cyna nie zostanie dopuszczona do kolejnego etapu.<\/span><\/span><\/span><\/li>\n<li><span style=\"color: #404040;\"><span style=\"font-family: Helvetica, sans-serif;\"><span style=\"font-size: small;\">Komisja ustala list\u0119 dru\u017cyn zakwalifikowanych do II etapu na podstawie sumy punkt\u00f3w zdobytych przez cz\u0142onk\u00f3w dru\u017cyny w I etapie.<\/span><\/span><\/span><\/li>\n<li><span style=\"color: #404040;\"><span style=\"font-family: Helvetica, sans-serif;\"><span style=\"font-size: small;\">Listy dru\u017cyn zakwalifikowanych do II etapu zostan\u0105 opublikowane na stronie internetowej Konkursu (http:\/\/signum.pb.edu.pl\/konkurs\/).<\/span><\/span><\/span><\/li>\n<\/ol>\n<\/li>\n<li><span style=\"color: #404040;\"><span style=\"font-family: Helvetica, sans-serif;\"><span style=\"font-size: small;\">Etap II Konkursu<\/span><\/span><\/span>\n<ol>\n<li><a name=\"_GoBack\"><\/a> <span style=\"color: #404040;\"><span style=\"font-family: Helvetica, sans-serif;\"><span style=\"font-size: small;\">Etap II Konkursu odb\u0119dzie si\u0119 na terenie kampusu Politechniki Bia\u0142ostockiej i b\u0119dzie trwa\u0142 dwa dni: 25-26.03.2026 r.<\/span><\/span><\/span><\/li>\n<li><span style=\"color: #404040;\"><span style=\"font-family: Helvetica, sans-serif;\"><span style=\"font-size: small;\">Etap II Konkursu polega\u0107 b\u0119dzie na dru\u017cynowym przeprowadzeniu do\u015bwiadcze\u0144 b\u0105d\u017a pomiar\u00f3w (\u0142\u0105cznie 7 zada\u0144) i wykonaniu niezb\u0119dnych oblicze\u0144 matematycznych na poszczeg\u00f3lnych Wydzia\u0142ach PB oraz w Studium J\u0119zyk\u00f3w Obcych.<\/span><\/span><\/span><\/li>\n<li><span style=\"color: #404040;\"><span style=\"font-family: Helvetica, sans-serif;\"><span style=\"font-size: small;\">Lista laureat\u00f3w zostanie opublikowana na stronie Konkursu niezw\u0142ocznie po jej zatwierdzeniu przez Komisj\u0119 Konkursow\u0105, a informacja o laureatach zostanie wys\u0142ana do szk\u00f3\u0142.<\/span><\/span><\/span><\/li>\n<\/ol>\n<\/li>\n<li><span style=\"color: #404040;\"><span style=\"font-family: Helvetica, sans-serif;\"><span style=\"font-size: small;\">Ustalenia ko\u0144cowe<\/span><\/span><\/span>\n<ol>\n<li><span style=\"color: #404040;\"><span style=\"font-family: Helvetica, sans-serif;\"><span style=\"font-size: small;\">Od decyzji Komisji mo\u017cna si\u0119 odwo\u0142a\u0107 pisemnie do Dziekana Wydzia\u0142u Informatyki w terminie 7 dni od og\u0142oszenia wynik\u00f3w Konkursu.<\/span><\/span><\/span><\/li>\n<li><span style=\"color: #404040;\"><span style=\"font-family: Helvetica, sans-serif;\"><span style=\"font-size: small;\">Uroczyste wr\u0119czenie nagr\u00f3d laureatom Konkursu nast\u0105pi po jego zako\u0144czeniu i ustaleniu ostatecznej listy laureat\u00f3w w dniu podanym w oddzielnym komunikacie.<\/span><\/span><\/span><\/li>\n<\/ol>\n<\/li>\n<\/ol>\n<\/div>\n","protected":false},"excerpt":{"rendered":"<p>&nbsp; Szczeg\u00f3\u0142owa instrukcja konkursu \u201eMATEMATYKA STOSOWANA\u201d Prosimy zapozna\u0107 si\u0119 z poni\u017csz\u0105 szczeg\u00f3\u0142ow\u0105 instrukcj\u0105 dotycz\u0105c\u0105 konkursu. W przypadku pyta\u0144 prosimy o kontakt mailowy (podaj\u0105c w temacie \u201eKonkurs \u2013 Matematyka stosowana\u201d). Rejestracja Data ko\u0144ca rejestracji \u2013 22.02.2026 r. godz. 23.59. Rejestrowa\u0107 si\u0119 mog\u0105 wy\u0142\u0105cznie dru\u017cyny dwuosobowe. Rejestracja polega na wype\u0142nieniu, podpisaniu i odes\u0142aniu o\u015bwiadczenia wygenerowanego na podstawie [&hellip;]<\/p>\n","protected":false},"author":1,"featured_media":0,"parent":0,"menu_order":11,"comment_status":"closed","ping_status":"closed","template":"","meta":{"ngg_post_thumbnail":0,"footnotes":""},"class_list":["post-38","page","type-page","status-publish","hentry"],"_links":{"self":[{"href":"https:\/\/signum.pb.edu.pl\/konkurs\/index.php?rest_route=\/wp\/v2\/pages\/38","targetHints":{"allow":["GET"]}}],"collection":[{"href":"https:\/\/signum.pb.edu.pl\/konkurs\/index.php?rest_route=\/wp\/v2\/pages"}],"about":[{"href":"https:\/\/signum.pb.edu.pl\/konkurs\/index.php?rest_route=\/wp\/v2\/types\/page"}],"author":[{"embeddable":true,"href":"https:\/\/signum.pb.edu.pl\/konkurs\/index.php?rest_route=\/wp\/v2\/users\/1"}],"replies":[{"embeddable":true,"href":"https:\/\/signum.pb.edu.pl\/konkurs\/index.php?rest_route=%2Fwp%2Fv2%2Fcomments&post=38"}],"version-history":[{"count":47,"href":"https:\/\/signum.pb.edu.pl\/konkurs\/index.php?rest_route=\/wp\/v2\/pages\/38\/revisions"}],"predecessor-version":[{"id":1325,"href":"https:\/\/signum.pb.edu.pl\/konkurs\/index.php?rest_route=\/wp\/v2\/pages\/38\/revisions\/1325"}],"wp:attachment":[{"href":"https:\/\/signum.pb.edu.pl\/konkurs\/index.php?rest_route=%2Fwp%2Fv2%2Fmedia&parent=38"}],"curies":[{"name":"wp","href":"https:\/\/api.w.org\/{rel}","templated":true}]}}