{"id":1275,"date":"2025-02-17T22:56:33","date_gmt":"2025-02-17T21:56:33","guid":{"rendered":"https:\/\/signum.pb.edu.pl\/konkurs\/?page_id=1275"},"modified":"2026-02-10T15:24:21","modified_gmt":"2026-02-10T14:24:21","slug":"kontakt","status":"publish","type":"page","link":"https:\/\/signum.pb.edu.pl\/konkurs\/?page_id=1275","title":{"rendered":"Kontakt"},"content":{"rendered":"<div class=\"cont-ent\">\n<div id=\"main\" style=\"text-align: justify; font-size: medium;\">\n<p style=\"text-align: left;\">Prosimy o kierowanie korespondencji dotycz\u0105cej konkursu wy\u0142\u0105cznie na poni\u017cszy adres mailowy:<\/p>\n<p style=\"text-align: center;\"><span style=\"color: #0000ff;\"><strong>signum@pb.edu.pl<\/strong><\/span><\/p>\n<\/div>\n<\/div>\n","protected":false},"excerpt":{"rendered":"<p>Prosimy o kierowanie korespondencji dotycz\u0105cej konkursu wy\u0142\u0105cznie na poni\u017cszy adres mailowy: signum@pb.edu.pl<\/p>\n","protected":false},"author":1,"featured_media":0,"parent":0,"menu_order":20,"comment_status":"closed","ping_status":"closed","template":"","meta":{"ngg_post_thumbnail":0,"footnotes":""},"class_list":["post-1275","page","type-page","status-publish","hentry"],"_links":{"self":[{"href":"https:\/\/signum.pb.edu.pl\/konkurs\/index.php?rest_route=\/wp\/v2\/pages\/1275","targetHints":{"allow":["GET"]}}],"collection":[{"href":"https:\/\/signum.pb.edu.pl\/konkurs\/index.php?rest_route=\/wp\/v2\/pages"}],"about":[{"href":"https:\/\/signum.pb.edu.pl\/konkurs\/index.php?rest_route=\/wp\/v2\/types\/page"}],"author":[{"embeddable":true,"href":"https:\/\/signum.pb.edu.pl\/konkurs\/index.php?rest_route=\/wp\/v2\/users\/1"}],"replies":[{"embeddable":true,"href":"https:\/\/signum.pb.edu.pl\/konkurs\/index.php?rest_route=%2Fwp%2Fv2%2Fcomments&post=1275"}],"version-history":[{"count":3,"href":"https:\/\/signum.pb.edu.pl\/konkurs\/index.php?rest_route=\/wp\/v2\/pages\/1275\/revisions"}],"predecessor-version":[{"id":1279,"href":"https:\/\/signum.pb.edu.pl\/konkurs\/index.php?rest_route=\/wp\/v2\/pages\/1275\/revisions\/1279"}],"wp:attachment":[{"href":"https:\/\/signum.pb.edu.pl\/konkurs\/index.php?rest_route=%2Fwp%2Fv2%2Fmedia&parent=1275"}],"curies":[{"name":"wp","href":"https:\/\/api.w.org\/{rel}","templated":true}]}}